 = u**3 + 4 + 0*u**2 + 3*u + u**2 - 6*u**2. Suppose 2*z - 4*d = -12, -7*z - 4 = -3*z - 3*d. Let q be (-14)/(-4) - z/4. Give g(q).
-5
Let d(x) = -x**3 - x**2. Let p be d(-1). Suppose 0 = -2*k + 4. Let o(l) = -l - 1 + k*l + p*l. What is o(-1)?
-2
Let f be (0 + 1/2)*6. Let u(h) = 2*h + h**2 - 5*h**3 - h + 0*h**3 + 4*h**f. Calculate u(-1).
1
Let n(w) = -2*w**3 + w**2 - w + 1. Suppose 17*p - 14 = 3. What is n(p)?
-1
Suppose 0*s = s - 1. Let v(u) = u + 2*u - 2*u - 5*u. Determine v(s).
-4
Let p(d) = d - 1. Let n be p(-1). Let l(w) = 4*w + 4. Let q(m) be the first derivative of -m**2/2 - m - 2. Let b(s) = -l(s) - 5*q(s). Determine b(n).
-1
Suppose 0 = 5*k - 6*k + 2. Let h(s) = 7*s - 2. What is h(k)?
12
Let r(m) = -7*m. Suppose 8*j + 7 = j. What is r(j)?
7
Let b(k) = k**2 - 6*k - 7. Suppose -28 = 31*c - 35*c. Determine b(c).
0
Let p be (-1)/(1 + (-1)/2). Let w = p + 1. Let t = w + 2. Let h(d) = -2*d + 1. What is h(t)?
-1
Let y(v) = v**2 - 2*v + 2. Let f(u) = -15*u**3 - 2*u**2 - 2*u - 1. Let w be f(-1). Let d be (-2 - -1)*(0 + 11). Let j = d + w. Calculate y(j).
5
Let u = -15 + 9. Let m(h) be the third derivative of h**6/120 + h**5/12 - h**4/4 - 4*h**3/3 + 2*h**2. Determine m(u).
-8
Suppose -2*n - 3*n = -15, 4*n + 3 = -5*f. Let u(k) be the first derivative of -k**4/4 - k**3 - k**2/2 + 2*k - 2. What is u(f)?
5
Let b = -9 - -14. Suppose b*x = -20, 5*z = x - 2*x + 6. Let l(i) = -2*i**2 + 2*i + 2. Calculate l(z).
-2
Let y(i) = 2*i. Let a be y(1). Let l(c) = a*c**2 + 0 - 6*c**2 + 3*c**2 - 3. Determine l(0).
-3
Let s(o) = 2*o**2 + 6*o. Let h be s(-5). Suppose -2*j + 5*m = m + h, 0 = -5*m. Let x be (12/j)/(2/(-5)). Let p(v) = -v**3 + 3*v**2 - 3*v + 1. Calculate p(x).
-8
Let c(r) = -3*r + 6. Suppose -2*j = 7*d - 3*d + 12, 5*d + 25 = 0. Determine c(j).
-6
Let i(h) = 17*h**3 - 13*h**2 - h - 17. Let p(q) = -4*q**3 + 3*q**2 + 4. Let j(d) = -2*i(d) - 9*p(d). What is j(2)?
14
Let w(q) be the first derivative of q**5/60 + q**4/24 - 2*q**3/3 - 5*q**2/2 + 3. Let n(t) be the second derivative of w(t). Calculate n(-3).
2
Let c(m) = -3*m + 2. Let z be c(-4). Let g(j) = 4*j**2 - z*j**2 + 6*j - 2 + 9*j**2. Calculate g(4).
6
Let m = -17 + 17. Let h(o) = m + 6*o - 4*o - 3. Give h(6).
9
Let h(s) = s**3 + 4*s**2 + s - 1. Let q be 12/28 - 108/7. Suppose 2*w - 3*w = -11. Let y = q + w. Determine h(y).
-5
Let v(d) = -4*d + 1. Let h(f) = 14*f**3 + f**2 - 1. Let y be h(1). Let i be 10/6 + y/(-21). Calculate v(i).
-3
Let o(d) be the first derivative of 9*d + 1/3*d**3 - 1 - 7/2*d**2. What is o(6)?
3
Let c(q) = q**3 + 4*q**2 + 2*q + 1. Suppose -5*y = 5*r, -3 = 2*y + 3*r + 1. Suppose 3 - 11 = y*n. Determine c(n).
5
Let d(g) = 2*g**2 + 6*g. Let z(c) = -4 + c**3 - c**2 - 2*c**2 - c**2 - 5*c. Let u be z(5). Calculate d(u).
8
Suppose -24 + 132 = -12*f. Let h(t) = t**3 + 8*t**2 - 10*t - 1. Determine h(f).
8
Suppose 5*o - 2*o - 6 = 0. Let t(r) = r + 2*r**o + 0 - 3*r**3 + 4*r**3 - 3*r**2 - 6. Let g(b) = b**3 + 5*b**2 - 5*b + 6. Let y be g(-6). Determine t(y).
-6
Let n(z) = -z**3 - 5*z**2 - 4*z - 6. Let s(k) = -k**2 - 8*k. Let f be s(-8). Let h = f - 4. Give n(h).
-6
Let u(b) be the first derivative of -b**6/360 - b**5/20 - 7*b**4/24 - 8*b**3/3 + 5. Let w(x) be the third derivative of u(x). Determine w(-5).
-2
Let m = -4 + 6. Let d be 2*1/4*m. Let h(n) be the first derivative of n**4/4 + n**3/3 + 6. Calculate h(d).
2
Let k(o) be the third derivative of o**7/840 - o**6/90 + o**5/120 + o**4/8 + o**3/2 - 8*o**2. Let q(v) be the first derivative of k(v). What is q(3)?
-3
Let u(t) = t**3 - t**2 - 1. Let o = -78 - -78. Give u(o).
-1
Let j(z) = -14*z**3 + 2*z**2 - 32*z + 5. Let b(p) = 5*p**3 - p**2 + 11*p - 2. Let o(w) = -17*b(w) - 6*j(w). Let g = -5 + 11. Give o(g).
-2
Let o(g) = -g + 3. Let y be o(-1). Let d(x) = x**3 - 4*x**2 - 3*x - 7. Let m be d(5). Let w(u) = 3*u**2 + y - u - m*u**2 - 1 - u**2. Give w(0).
3
Suppose -3*h + 2*n - n = 5, -h + 3 = 2*n. Let m(c) = -9*c**3 + 2*c + 1. Give m(h).
8
Let w(j) = -3*j**3 + j**2. Suppose -2*a - 2*a + 32 = 0. Let s(k) = -k + 9. Let l be s(a). Give w(l).
-2
Suppose 1 = -0*i - i. Let p be 2/(i + (-26)/(-24)). Suppose -4*x + n = p, 0*x + n = x + 9. Let d(q) = q - 2. Calculate d(x).
-7
Let n(x) = 4*x + 1. Let b(d) = 9*d + 1. Let q(l) = 3*b(l) - 5*n(l). Give q(3).
19
Let j(n) = 4*n + 3. Let z(v) = -v + 1. Let k(h) = -j(h) - z(h). What is k(-6)?
14
Let r(m) = m**3 - 3*m**2 + 4*m + 1. Suppose -5*d + d = -2*v + 10, v + d = 2. Determine r(v).
13
Let r be (-21)/(-9)*(8 + -5). Let n(m) = -m**3 + 6*m**2 + 6*m + 1. Give n(r).
-6
Let a(j) = 2*j - 3. Let r be (-4)/22 + (-9)/(396/(-184)). Determine a(r).
5
Let b(a) be the second derivative of -a**4/12 - 2*a**3/3 - 5*a**2/2 - 10*a. Determine b(-5).
-10
Let v(y) = -3*y + 7. Let g be 0 + 0 + 1 + 4. Let d(q) = -3*q - 3. Let w(r) = 4*r + 3. Let z(l) = g*d(l) + 4*w(l). Let m(n) = 3*v(n) + 7*z(n). What is m(-4)?
8
Let m(r) = -1 + 3 - 2*r - 3*r + r**2. Suppose 5*z + 57 = 17. Let f be (10/z)/((-1)/4). Give m(f).
2
Let k be 2/((7/2)/7). Suppose 0 = 3*f - z - 4, -4*z + z = 3*f + 12. Suppose -2*s = -f*s - k. Let j(x) = x**3 - 4*x**2 + 2*x + 1. Determine j(s).
-3
Let u(q) = -q**3 + 6*q**2 + 7*q + 6. Let k be (-126)/45*(-5)/2. Determine u(k).
6
Let z(d) = 5*d + 6 + 3 + 0 - 8*d. What is z(7)?
-12
Let c(q) = 3*q**2 + 3*q. Let j = 26 + -28. Determine c(j).
6
Let y(g) = g**3 + 3*g**2 - 2. Let l be ((-3)/(-2))/(49/28 - 1). What is y(l)?
18
Let a(j) be the third derivative of j**9/30240 - j**8/10080 - j**7/5040 - j**5/60 - j**2. Let n(z) be the third derivative of a(z). Determine n(2).
6
Let w be (-1*1)/(-1) - (-34 - -39). Let z(o) = -o**2 - 5*o + 1. What is z(w)?
5
Let n be -1 + (-1 - (5 + -1)). Let s(p) = -p**3 - 5*p**2 + 4*p - 2. Determine s(n).
10
Suppose -c = -s - 2 - 4, 2*s + 24 = 5*c. Let n(a) = -a**3 - 2*a**2 - 1. What is n(s)?
-1
Let r(w) be the first derivative of w**2/2 + 2*w - 160. Suppose 4*n = 9 + 3. Suppose 5*x - 2*j - 24 = 0, -5*x - n*j - j + 42 = 0. Determine r(x).
8
Suppose -2*q + 25 = -7*q. Let z be (-2 - -1)/(q/(-25)). Let v = z + 5. Let b(x) = -x**2 - x + 1. Give b(v).
1
Let v(j) = 2*j + 2 - 3*j + 2 - 2 - 2*j**2. Suppose 4*y - 21 - 19 = 0. Let h be ((-8)/(-10))/(4/y). Calculate v(h).
-8
Suppose 3*t - 8*t = q - 27, -8 = -4*q. Let d(m) = -m**3 + 6*m**2 - 6*m - 1. Calculate d(t).
-6
Let o(y) = -y**2 + 11*y - 18. Let u be o(9). Let v(i) = -i - 1 - 2*i + u. Suppose -f = 3 - 0. What is v(f)?
8
Let r(f) = -f**3 - 5*f**2 - 6*f - 2. Suppose 13*d - 8*d = -20. What is r(d)?
6
Let v = 7 + -2. Let u(t) = -t + 11. Let y(x) = 1. Let b(r) = -u(r) + 4*y(r). Let l be b(v). Let n(c) = 3*c + 3. What is n(l)?
-3
Let s(u) = u + 1. Suppose -25 = -5*a, -5*y + 5*a + 12 = -13. Let v = -10 + y. Give s(v).
1
Let x = 2 + 6. Let n(w) = 0 + 3*w - x*w + 6 + 12*w + 2*w**2. Calculate n(-4).
10
Let b(o) = -3*o**2 + 6*o - 5. Let n(x) = x**2 - x. Let f(j) = -b(j) - 2*n(j). Determine f(4).
5
Let z(t) = t + 6. Let a(l) = -2*l - 13. Let j(h) = -4*a(h) - 9*z(h). Give j(2).
-4
Let z be (-5 + 2)*(1 + -2). Suppose -k - z = -4*k. Let b(x) = -4*x**3 - x**2 + x. Calculate b(k).
-4
Let j(g) = 3*g - 3*g - g. Suppose 36 = 3*o - 0*o. Suppose o = -4*m - 8. Determine j(m).
5
Let t(j) = 2*j**3 - 4 + 4 - 3 + 2 + j. Let v(p) = -p**3 + p**2 - p. Let o(g) = -t(g) - 3*v(g). Determine o(3).
7
Suppose -5*k + 9 = -2*u + 5*u, -15 = -k - 5*u. Let q(r) = -r**3 + r - 2. Give q(k).
-2
Let z(u) = -1. Let a(x) = x + 9. Let d(v) = a(v) + 4*z(v). Give d(5).
10
Let d(u) = u**2 - 6*u - 11. Let f be d(8). Suppose f*a + 3 = 28. Let n(i) = i**3 - 2*i**2 - 3*i**2 + 2 + i - 4. Determine n(a).
3
Let o(v) = -25*v - 9. Let m(r) = 13*r + 5. Let d(w) = 11*m(w) + 6*o(w). What is d(1)?
-6
Let h = -6 + 3. Let o = 0 - h. Let y(u) = -4 - 3*u**3 + o*u + 2*u**3 + u**2 - 5*u**2. What is y(-5)?
6
Let t(o) = o**3 - 5*o**2 + 5*o - 3. Suppose -4*v + 31 = -3*b, -3*v + 5*b + 36 = -1. Determine t(v).
1
Let d(c) be the first derivative of 2*c**3 - c**2/2 - c - 50. Calculate d(-1).
6
Let x(p) = p**3 + 5*p**2 - p - 5. Let n be x(-5). Suppose n*r + 6 = 3*r. Let c(y) = y**2 - y**2 + 6*y**3 - 2*y**r + 1 + y**2. Give c(1).
6
Let l(h) be the second derivative of 1/20*h**5 + 0*h**4 + 0 + 2*h - 1/6*h**3 + 0*h**2. Suppose -2*p = 4, p = 5*w - 0*p + 8. What is l(w)?
-6
Suppose 25 = -5*k - 10. Let y(t) = -t**3 + 1. Let q(o) = -o*